**3/3 + y**2 - 11*y. Determine d(m).
-7
Let m = -116 - 50. Let p = m + 161. Let w(f) = 2*f + 3. Determine w(p).
-7
Let i(n) = -n**2 - 5*n - 8. Suppose 36*y + 270 = 39*y. Let z = y - 96. What is i(z)?
-14
Let r = -187925 + 187929. Let u(a) = -2*a**2 - 2*a**2 + 3*a + 3*a**2 + 4. Calculate u(r).
0
Let d(r) = -2*r**3 - 13*r**2 - 8*r - 3. Let v(j) = -27*j**2 - 54*j - 6. Let c be v(-2). Calculate d(c).
9
Let z(f) = f + 8. Let k(u) = -2*u - 15. Let o(i) = 4*k(i) + 7*z(i). Suppose -4*q - 14 = -22. Let n = q - 2. Calculate o(n).
-4
Let c(h) = h + 1. Let a(y) = y**2 + 22*y + 7. Let r be a(-5). Let l = -134 - r. Let q = 51 + l. What is c(q)?
-4
Let m(x) = -x**3 + 10*x**2 + 8*x + 19. Suppose -69 = 68*w - 34*w - 443. Calculate m(w).
-14
Let g(x) = -x**2 + 7*x + 3. Let u be -1*3/6 - (-276)/8. Suppose p + u = 5*p - 5*q, -2*q = -p + 7. Suppose 2*o - p = -1. Calculate g(o).
13
Let l(g) = 7 - 2 - 591*g + 1464*g - 875*g. Let o = 10 - 5. Determine l(o).
-5
Let l = 3 + 10. Let c(d) = -d + 0*d + 0*d**3 - l*d**3. Let s be ((442/374)/13)/(3/(-33)). What is c(s)?
14
Let p(r) be the first derivative of -2*r**3/3 + 13*r**2 - 19*r - 194. Determine p(12).
5
Let b(n) = -104*n**2 + 2*n + 2 + 63*n**2 + 43*n**2. What is b(3)?
26
Let l(p) = 5*p - 5*p + 13*p**2 - 12*p - p**3 + 2 + 1. Let j be l(12). Suppose 5*i - 3*i + 20 = -2*b, -j*b - 4*i = 31. Let z(x) = -x - 5. Determine z(b).
4
Let v(o) = 39*o + 3260. Let n be v(-84). Let z(t) = -3*t - 29. Determine z(n).
19
Let m(s) = 66 - s + 19 - 131 - 4*s. What is m(-8)?
-6
Let j(z) = 20*z**2 - 2*z + 3. Let v(s) = -38*s**2 + 4*s - 5. Suppose 3*f - 6 = -2*h - 23, 5*h = 5*f - 5. Let n(l) = h*v(l) - 7*j(l). Give n(-1).
13
Let h(y) = -y**2 - 2*y + 9. Let g(p) = p**2 - 2*p. Let i(x) = 3*x**2 - 9*x + 2. Let l(q) = -4*g(q) + i(q). Let f be l(2). What is h(f)?
1
Let n be ((-1)/2)/(194/776) - (-75)/36. Let t(c) be the second derivative of 0 - 4*c + 1/2*c**2 + 1/6*c**3 - n*c**4. Give t(-3).
-11
Let x(a) = a**3 - 6*a**2 + 7*a - 4. Suppose -2*s - 7 = -v - 6*s, 0 = 2*v + 2*s - 8. Suppose 9*b = 6*b - 2*k + 11, 19 = v*b - 2*k. Give x(b).
6
Let k(v) be the second derivative of -104*v - 1/6*v**3 + 0 + 3/2*v**2. Suppose -8 = -5*l + 12. Determine k(l).
-1
Let f(x) be the third derivative of 7*x**5/60 - 25*x**4/24 - 2*x**3/3 + 330*x**2. What is f(7)?
164
Let u(c) be the third derivative of -c**5/60 - 7*c**4/24 - 2*c**3/3 + c**2 - 38142*c. Let y be ((-16)/6)/((-1)/(-3)). What is u(y)?
-12
Suppose -2*r + 3*j = 10, -23*j + 4 = 2*r - 19*j. Let b(n) = 28*n - 2. Calculate b(r).
-58
Let v be -98*3/(-27) + 14/126. Let z(q) = -5*q + 61. Calculate z(v).
6
Let l = -240 + 242. Let y be (-1 + l)*6/3. Let q(d) be the third derivative of -d**6/120 + d**5/60 + d**4/12 - d**3/3 - d**2. Give q(y).
-2
Let p(g) = -2*g**3 + 2*g**2 + 2*g + 3. Let a(m) = m**3 - m**2 + m - 1. Let r(f) = 4*a(f) + p(f). Calculate r(2).
19
Let i = 224 + -223. Let z(c) = 5*c + 2 + 1 - 3*c - i. Let k(s) = 2*s - 12. Let q be k(7). Give z(q).
6
Let k(i) = -i**3 + 24*i**2 - 58*i - 19. Let m be k(3). Let h(n) = -n - 8. Calculate h(m).
-4
Let o(f) = -2*f**2 + 2*f - 11. Let p(l) = l**2 - l + 7. Let n(w) = 5*o(w) + 8*p(w). Let j = -4 + 2. Let s be 3 + 1 - j/(-1). Calculate n(s).
-3
Let i = -2753 - -2759. Let y(n) = 7*n**3 + 0*n - 3*n**2 - 2*n - 5 - 4*n**3. Let u(j) = -4*j**3 + 2*j**2 + j + 6. Let r(l) = 2*u(l) + 3*y(l). What is r(i)?
9
Let i(w) = -3*w**2 + 16*w - 16. Suppose 86*a = 78*a + 40. Calculate i(a).
-11
Let g(m) be the first derivative of 3*m**2 + 1/3*m**3 - 6*m - 7. Suppose -3*c - 4*h - 30 = 0, -8*c = -7*c - 2*h. What is g(c)?
-6
Let g(r) be the second derivative of 2*r**3/3 + 36*r**2 + 557*r. Let c be (-3 + 2)*17/1. Let y be g(c). Let i(h) = h**3 - 3*h**2 - 6*h + 4. What is i(y)?
-4
Let i(b) = 10*b - 20. Let v = 367 - 361. What is i(v)?
40
Let l(u) = u - 1. Let k(w) = -w - 10. Let v(n) = 2*n + 21. Let s(q) = -7*k(q) - 4*v(q). Let x(t) = -2*l(t) - s(t). What is x(13)?
3
Let r = -1605 - -1607. Let z(t) be the first derivative of 2*t**2 - r*t - 5/3*t**3 + 4. Determine z(2).
-14
Let x be (-1 - -3)/((-4)/6). Let k(s) = 7*s**2 + 8*s - 1. Let j(o) = 2*o**2 + o. Suppose 5*u + 751 = 746. Let z(h) = u*k(h) + 3*j(h). Determine z(x).
7
Let w(y) be the third derivative of -y**6/60 + y**5/30 - y**4/12 + 5*y**3/2 - 1885*y**2. Determine w(0).
15
Let n(j) be the third derivative of 9*j**4/8 + 9*j**3/2 - 457*j**2. Determine n(-6).
-135
Let o be (4/(-8))/((-2)/8). Let p(q) = -1 - 4*q - 3 + 6*q + o*q**2. Suppose -27*i = 11*i - 41 + 155. What is p(i)?
8
Let m(p) be the first derivative of -4*p**3/3 - p**2 + 73. Determine m(2).
-20
Let s(q) be the third derivative of q**6/360 - q**5/120 + q**4/24 - 5*q**3/3 - 2*q**2 - 6*q. Let v(m) be the first derivative of s(m). Determine v(5).
21
Let m(d) = 692*d - 1362*d + 43 + 682*d. What is m(-8)?
-53
Let v(t) = -15*t**2 - 5*t - 5. Suppose -22*g - 15*g = -47*g - 10. Give v(g).
-15
Suppose -3*q - 3*d = -q + 12, 5*d = q - 20. Suppose q*n - 4 = -n. Let x(b) be the third derivative of -b**5/30 + 5*b**4/24 - 5*b**3/6 - 3*b**2. Calculate x(n).
-17
Let j = -11153 + 11164. Let c(g) = 10*g - 112. Calculate c(j).
-2
Let r(d) = 18*d**2 - 13*d - 1. Let k be 9/36*(51 + -3)/12. Determine r(k).
4
Let o(c) = c**3 - 11*c**2 + 16*c + 25. Let p be o(9). Suppose -p*n = -2 + 16. Let r(z) = 1 + 4*z + 4*z**2 + 0*z + 2*z**3 - z. Determine r(n).
-5
Let x(z) = z**3 + 10*z**2 + z - 10. Let v be 2 - (-6 - -6 - 21). Suppose v*u = 13*u - 100. Determine x(u).
-20
Let y(c) = c + 12. Let i be (-5136)/1070*(-5)/(-2). Determine y(i).
0
Suppose 25*w - 24*w - 4*h + 6 = 0, w = -4*h - 38. Let f(y) = -y**2 - 21*y + 3. Calculate f(w).
-19
Let c(k) = -3*k**2 + 72*k - 385. Let g be c(8). Let a(x) = 18*x**2 - 22*x - 23. Determine a(g).
17
Let p(v) be the first derivative of 77 - 1/4*v**4 - 16*v + 5*v**2 - 11/3*v**3. Determine p(-12).
8
Let b(z) = z + 2. Let i be 1428/119 + 1 + -1 + -4. Suppose -m - 3 = 3*v, i = -v + 5*m - 9. Give b(v).
0
Let k(s) = 3*s**2 - 3*s - 2. Let g(n) = -16*n**2 + 52*n + 18. Let q(a) = g(a) + 4*k(a). Give q(10).
10
Let a(t) = 20*t - 83. Let r be (6/9)/((-45)/(-405)). What is a(r)?
37
Let b(m) be the third derivative of -m**4/4 + 32*m**3 + 4554*m**2. Calculate b(32).
0
Suppose -3*n - 5*j + 29 = -78, 2*n + 3*j = 71. Let p(l) = -l**2 - 3*l - 2*l + 75 - n - 42. Give p(-6).
-7
Let y(l) = 2*l - 3. Let z(w) = 3*w**3 + 11*w**2 - 11*w. Let m be z(-5). Let j be ((-10)/(-15) + 0)/((-3)/m). Give y(j).
17
Suppose 36 = 8*j - 84. Suppose c + 0 = -2*g - j, 0 = -4*c - 2*g - 30. Let a(n) = 8*n + 5. Determine a(c).
-35
Let a(w) = w + 1. Let u(c) = -c - 6. Let p be u(-20). Suppose h = 3*h - p. Let j be h/2*(-25 + 23). What is a(j)?
-6
Let d = -1065 + 1061. Let r(t) be the first derivative of -t**4/4 - t**3 + 5*t**2/2 + 5*t - 57. Calculate r(d).
1
Let o be (-3 - (-35)/(-5)*-3) + -5. Suppose -4*g + 3*n = 7, -n - 2 = 4*g - 3*n. Let v(s) = s + 13*s**g + s**3 - 12*s**2 - o + s**3 - 3*s**3. Give v(0).
-13
Let p(n) = -7*n + 48. Let i = -604 - -611. Calculate p(i).
-1
Let u = -1956 - -1954. Let c(m) = -2*m**3 + 2*m**2 + 2*m - 1. Let o(v) = 8*v**3 - 9*v**2 - 9*v + 4. Let b(s) = -9*c(s) - 2*o(s). Calculate b(u).
-15
Suppose 40*n - 44*n = g + 1, -5 = 5*g + n. Let x(s) = -20*s - 26. Give x(g).
-6
Suppose -126 = -5*k - 4*x, 0 = k + 8*x - 4*x - 22. Let h(b) = 7 + 7*b**2 + b**3 - 8*b**2 - 21*b - 5*b**2 + k*b. Give h(5).
7
Let o = -54 + 63. Suppose 0 = o*q + 15 + 48. Let g(v) = 2*v + 7. Determine g(q).
-7
Suppose 4*w = -5 - 11. Let l(u) = -221*u - 219*u + 2*u**2 + 446*u. Calculate l(w).
8
Let l(t) = t**3 - 14*t**2 + 24*t + 5. Suppose 8*p + 10 = 3*p, -z = 2*p - 8. Give l(z).
5
Let h(g) = -5*g**2 - 18*g + 5. Let f(r) = r**2 + 3*r - 2. Let q(p) = 6*f(p) + h(p). Suppose 2 = w + 7. Give q(w).
18
Let v(m) be the first derivative of -9*m + 68 - 3/2*m**2. Calculate v(-5).
6
Let l(x) = x**2 - x - 4. Let j(f) be the first derivative of f**4/4 - 2*f**3 + 5*f**2/2 + 5*f + 1. Let r be j(5). Suppose -17 = r*t - 2. Calculate l(t).
8
Suppose 0 = -20*d + 109 + 211. Let h(s) = -d*s + 21*s - 2*s. What is h(-1)?
-3
Let l be (8 + -2)*1*1. Let n(o) be the second derivative of o**3 - 3*o**2/2 - 38551*o. What is n(l)?
33
Let d(u) = 78*u**3 + u**2 + u. Suppose -2*k - 207*c + 3 = -206*c, -4*c = 2*k - 18. What is d(k)?
-78
Let v(g) = -g**2 + 14 - 2*g - 25